 5*z = 5*l - 1035, -l + p = 4*z - 120. Calculate the greatest common factor of l and 23.
23
Suppose 0*g - 60 = g + 4*y, -g + 4*y = 60. Let a = -15 - g. Let k = -13 + 31. Calculate the greatest common divisor of a and k.
9
Let y = -54 - -63. What is the highest common divisor of 72 and y?
9
Suppose 300 = 2*r + r. Suppose 4*q - 80 = -3*c + 22, -2*c = 4*q - r. Let y be 42/9*1*q. What is the highest common divisor of 16 and y?
16
Let j be (-206)/(-14) - 4/(-14). Let r be (5/3)/((-5)/j). Let a(c) = c + 10. Let g be a(r). Calculate the greatest common divisor of g and 1.
1
Let o be 12*(18/(-4))/(-3). Suppose m - 221 = -3*g, -2*g + 0*g + 2*m + 134 = 0. Let i = g - 27. Calculate the greatest common divisor of o and i.
9
Suppose 39 = 2*f + 3*a, 0*f + 4*a - 8 = f. What is the highest common divisor of f and 4?
4
Let l = -193 - -424. Let a be (-87)/(-4) + (-18)/24. What is the greatest common divisor of l and a?
21
Suppose -3*k - z - z = -300, 0 = -2*k - 3*z + 205. Calculate the greatest common divisor of 14 and k.
14
Let b(x) = x**2 + x - 2. Let k be b(2). Suppose -k*q + 18 = -q. Calculate the highest common factor of q and 48.
6
Suppose -d = i + 5, 2*i - 3 + 7 = d. Let h(p) = -6*p + 2. Let x be h(i). What is the highest common divisor of 10 and x?
10
Suppose -4*q + 35 = q + 3*v, -4*v = -5*q. Calculate the highest common divisor of q and 4.
4
Suppose 0 = 8*q - 3*q + 35. Let s = 11 + q. Suppose 5*p + b = -2*b + 49, 4*p = b + 29. What is the greatest common factor of s and p?
4
Suppose 0*l = -4*l. Suppose l = i - 2 - 1. Let k be 12*2/4 - 3. What is the greatest common factor of k and i?
3
Suppose 2*v + 18 - 142 = -3*x, -5*x + v + 211 = 0. Calculate the highest common divisor of 63 and x.
21
Let y(i) = 39*i**2 - 3*i. Let s be y(1). Let a = 23 + -5. What is the greatest common divisor of s and a?
18
Suppose 4*s = s + 105. Calculate the greatest common factor of s and 14.
7
Let o(f) = f + 8. Let t be o(-10). Let j be (49/(-14))/(t/4). Calculate the highest common divisor of j and 1.
1
Let g be 4/(-14) + 10/(-14). Let m be g/2 + 9/2. Suppose 4*q - h - 16 = 0, -4*h = 4*q - 3*h - 16. What is the greatest common divisor of m and q?
4
Suppose 2*q - 8*j + 4*j = 20, 5*q - 18 = 2*j. Let t = -378 - -636. Let w be t/((-6)/(-2)) - q. What is the highest common factor of w and 12?
12
Let z be (-1 - -56)/(0 + 1). What is the highest common divisor of 5 and z?
5
Let c(z) = z**2 - 7*z - 11. Let k be c(8). Let w be (-1)/k*(-2 - -5). Calculate the greatest common divisor of w and 5.
1
Let t be (-1 - 6 - 3)/(-2). Suppose -2*l + 141 = t. What is the greatest common factor of 17 and l?
17
Suppose -80 - 328 = -4*a. Let t be (3 - 2) + (-11 - -27). What is the greatest common factor of t and a?
17
Suppose 0 = -6*w + 303 - 111. What is the greatest common divisor of 256 and w?
32
Let z(a) = 2*a**2 - 4*a - 1. Let r be z(-4). Suppose -59 = -5*f - s, -5*f + 2*s = -15 - r. What is the highest common divisor of f and 48?
12
Let k = -2 + 10. Let u = 906 - 886. What is the greatest common divisor of k and u?
4
Let u = 34 + -32. Calculate the highest common factor of 4 and u.
2
Let w(p) = 8*p - 49. Let m be w(11). Calculate the highest common factor of 3 and m.
3
Suppose 11*m = 7*m + 40. Suppose 2*x = 25 + 5. What is the highest common factor of m and x?
5
Suppose 17 = 4*j - 5*b, -5*b + 0 = 2*j - 1. Let l be (j - 15)/(0 - 2). Calculate the greatest common factor of l and 24.
6
Let l be (1 - -17) + 1 + -3. Let n be (l/5)/((-1)/(-5)). Suppose -2*f - 115 + 403 = 0. What is the highest common divisor of f and n?
16
Suppose -c = -6 - 6. Calculate the highest common divisor of 4 and c.
4
Let p be (-5)/(-2)*(-16)/(-20). Let o(m) = 43*m + 4. Let a be o(p). Calculate the greatest common factor of 18 and a.
18
Let b be (3 + -3)/(-1 + 3). Suppose 3*a + 5*s - 104 = 0, -4*a = -b*a + 5*s - 137. Suppose -a = -h - 9. Calculate the greatest common divisor of 60 and h.
12
Let d(k) = -4*k + 27. Let j be d(5). Calculate the greatest common factor of j and 1.
1
Suppose -23 = -v - 5*a, -5*v = -v - 3*a. Let k = 6 - v. Suppose h + 72 = 4*h. Calculate the highest common divisor of h and k.
3
Let o = 73 - 58. What is the highest common divisor of o and 9?
3
Suppose 8 = 2*o + p, 0*p = -4*o - 4*p + 16. Calculate the greatest common divisor of o and 10.
2
Suppose 2*q - 12 = r + 16, 5*q = r + 64. Calculate the highest common factor of q and 6.
6
Let a(k) = k**2 + 7*k - 9. Let p be a(-9). Suppose 3*w - s = 255, -8*w - 5*s + 445 = -3*w. Let z = -23 + w. What is the greatest common divisor of z and p?
9
Let d be (61 - -3)/4 + -1. Calculate the greatest common factor of 60 and d.
15
Let f be 26/(-117) + 68/(-18). Let j be (40/12)/(f/(-18)). What is the greatest common divisor of j and 60?
15
Let w = -2 + 16. Suppose 5*f - 49 = s, 0 = -4*f + s + 25 + w. Calculate the highest common divisor of 90 and f.
10
Suppose 31 = 3*p - z, -11 = -2*p - 3*z + 6. Let i be (-2 - p)/(1/(-5)). Suppose 3*n - i = -2*n. What is the highest common factor of n and 36?
12
Let n = 86 + -34. What is the greatest common factor of 26 and n?
26
Let n(i) = i + 1. Let v be n(6). Let j be ((-3)/(-6))/(5/10). Calculate the highest common factor of j and v.
1
Let p(z) = -2*z - 14. Suppose -31 = -4*x - 3*h, -x - 5 = -6*x + 3*h. Suppose x*d = d - 30. Let c be p(d). What is the greatest common divisor of 66 and c?
6
Let h = -9 + 3. Let i(n) = -n**2 - 10*n - 2. Let q be i(h). What is the highest common factor of q and 2?
2
Let g be (-10)/4 - (-1407)/14. What is the greatest common factor of g and 14?
14
Suppose -z + 3*z + 34 = -4*s, 0 = -z - 5. Let r be (4 + -3)/((-1)/s). Suppose -g = -r*g + 80. What is the greatest common factor of g and 64?
16
Suppose 2*g = 2*r, -4*r + 5 = -2*g - r. Suppose g = j + 1. Suppose -u + 330 = j*u. Calculate the greatest common factor of 6 and u.
6
Let w(v) = -9*v - 23. Let a(p) = 4*p + 12. Let c(x) = 7*a(x) + 3*w(x). Let i be c(-9). Let r = -13 - -43. Calculate the greatest common divisor of r and i.
6
Suppose 6*n - 825 = -9*n. What is the greatest common factor of n and 22?
11
Suppose 5*v = 21 + 79. Let d(k) = -k**2 - 5*k + 1. Let w be d(-4). What is the greatest common factor of w and v?
5
Let c = -5 - -5. Suppose z + 4 = 0, y + z - 1 = -c*z. What is the highest common factor of y and 2?
1
Let w(h) = -h**3 + 7*h**2 - 6*h. Let z be w(4). Suppose 0 = 3*j - 3*i - 3, i = 2*j - 6*j + 14. What is the highest common divisor of z and j?
3
Let t = 4 + -2. Suppose -q = -t - 3. Suppose 3*h + 2*p = q*h - 374, 2*p = h - 184. Calculate the greatest common divisor of h and 19.
19
Suppose 0*y + 56 = y. Calculate the highest common factor of y and 14.
14
Let n(f) = f**2 + f - 2. Let z(s) = s - 1. Let o(w) = n(w) + z(w). Let c be o(-5). Suppose -3*y + c = -y. Calculate the highest common divisor of y and 9.
3
Let b(d) = -d - 4. Let g be b(-6). Calculate the greatest common factor of g and 1.
1
Suppose 0*m = -4*m + 32. Let s be 386/m - 1/4. Suppose 3*v - 3 = 15. What is the greatest common factor of s and v?
6
Suppose 2*o = -3*o + 70. Calculate the highest common factor of o and 98.
14
Suppose -5*w + 7 = 2. Suppose 3*a = -2*y + 7, 0 = 4*y + 5*a + w - 14. Calculate the highest common factor of y and 4.
2
Let y(n) = 2*n**2 + 2*n - 1. Let r be y(1). Let i be 2/(-1) - -8 - r. Let g = i + -2. Calculate the greatest common divisor of g and 1.
1
Let c be ((-57)/1)/((-12)/36). What is the greatest common factor of c and 9?
9
Let h = 107 - 51. Calculate the greatest common divisor of 14 and h.
14
Suppose -4*l - 84 = -4*j - 2*l, 2*j - 5*l = 58. Suppose 4*a = 5*n + 603, 0 = 2*a + 2*a + 4*n - 612. What is the greatest common divisor of j and a?
19
Let w(h) = 5*h + 3. Let m be w(15). Let f(o) = -4*o - 7. Let u be f(-5). What is the highest common divisor of u and m?
13
Let z = 45 + -13. Calculate the greatest common factor of z and 256.
32
Let i = -129 + 212. Suppose 4*g = -l - 4*l - 4, -3*g + 3*l = -24. Suppose -n - 2 = -7, -i = -3*s - g*n. What is the greatest common divisor of 14 and s?
7
Let r(o) = 4*o**2 + 4*o - 6. Let c be r(6). What is the highest common divisor of c and 18?
18
Let w = 13 + -73. Let p = w + 92. Suppose 5*r - p = -7. Calculate the highest common factor of 10 and r.
5
Let w = -48 - -147. What is the greatest common factor of 11 and w?